{"id":610,"date":"2019-03-12T13:09:36","date_gmt":"2019-03-12T12:09:36","guid":{"rendered":"http:\/\/ceconsultingbenalmadena.es\/?page_id=610"},"modified":"2024-10-19T11:34:06","modified_gmt":"2024-10-19T09:34:06","slug":"gestion","status":"publish","type":"page","link":"https:\/\/ceconsultingbenalmadena.es\/?page_id=610","title":{"rendered":"Gesti\u00f3n"},"content":{"rendered":"<div class=\"wpb_text_column wpb_content_element \">\n<div class=\"wpb_wrapper\"><\/div>\n<\/div>\n<div class=\"wpb_text_column wpb_content_element \">\n<div class=\"wpb_wrapper\">\n<h4 align=\"left\"><strong><img loading=\"lazy\" decoding=\"async\" class=\"alignleft wp-image-745 size-full\" src=\"http:\/\/ceconsultingbenalmadena.es\/wp-content\/uploads\/2024\/10\/gestion.png\" alt=\"\" width=\"120\" height=\"120\" \/>Tr\u00e1mites de automoci\u00f3n:<\/strong><\/h4>\n<p>Todas tus gestiones de tr\u00e1fico de forma \u00e1gil.<\/p>\n<h4 align=\"left\"><strong>Renting de veh\u00edculos:<\/strong><\/h4>\n<p>Aprovecha las mejores oportunidades para la adquisici\u00f3n de veh\u00edculos para empresas y particulares.<\/p>\n<h4 align=\"left\"><strong>Servicios inmobiliarios:<\/strong><\/h4>\n<p>Asesoramiento en cualquier gesti\u00f3n dentro del \u00e1rea inmobiliaria.<\/p>\n<h4 align=\"left\"><strong>Tasaciones:<\/strong><\/h4>\n<p>Valoraci\u00f3n y tasaci\u00f3n de todo tipo de bienes muebles e inmuebles, empresas, patrimonios y derechos.<\/p>\n<h4 align=\"left\"><strong>Notificaciones certificadas:<\/strong><\/h4>\n<p>Realiza comunicaciones electr\u00f3nicas garantizadas certificando el contenido con tecnolog\u00eda de encriptaci\u00f3n.<\/p>\n<\/div>\n<\/div>\n","protected":false},"excerpt":{"rendered":"<p>Tr\u00e1mites de automoci\u00f3n: Todas tus gestiones de tr\u00e1fico de forma \u00e1gil. Renting de veh\u00edculos: Aprovecha las mejores oportunidades para la adquisici\u00f3n de veh\u00edculos para empresas y particulares. Servicios inmobiliarios: Asesoramiento en cualquier gesti\u00f3n dentro del \u00e1rea inmobiliaria. Tasaciones: Valoraci\u00f3n y tasaci\u00f3n de todo tipo de bienes muebles e inmuebles, empresas, patrimonios y derechos. Notificaciones certificadas: &hellip; <a href=\"https:\/\/ceconsultingbenalmadena.es\/?page_id=610\" class=\"more-link\">Seguir leyendo <span class=\"screen-reader-text\">Gesti\u00f3n<\/span> <span class=\"meta-nav\">&rarr;<\/span><\/a><\/p>\n","protected":false},"author":1,"featured_media":0,"parent":0,"menu_order":0,"comment_status":"closed","ping_status":"closed","template":"","meta":{"footnotes":""},"class_list":["post-610","page","type-page","status-publish","hentry"],"_links":{"self":[{"href":"https:\/\/ceconsultingbenalmadena.es\/index.php?rest_route=\/wp\/v2\/pages\/610","targetHints":{"allow":["GET"]}}],"collection":[{"href":"https:\/\/ceconsultingbenalmadena.es\/index.php?rest_route=\/wp\/v2\/pages"}],"about":[{"href":"https:\/\/ceconsultingbenalmadena.es\/index.php?rest_route=\/wp\/v2\/types\/page"}],"author":[{"embeddable":true,"href":"https:\/\/ceconsultingbenalmadena.es\/index.php?rest_route=\/wp\/v2\/users\/1"}],"replies":[{"embeddable":true,"href":"https:\/\/ceconsultingbenalmadena.es\/index.php?rest_route=%2Fwp%2Fv2%2Fcomments&post=610"}],"version-history":[{"count":7,"href":"https:\/\/ceconsultingbenalmadena.es\/index.php?rest_route=\/wp\/v2\/pages\/610\/revisions"}],"predecessor-version":[{"id":770,"href":"https:\/\/ceconsultingbenalmadena.es\/index.php?rest_route=\/wp\/v2\/pages\/610\/revisions\/770"}],"wp:attachment":[{"href":"https:\/\/ceconsultingbenalmadena.es\/index.php?rest_route=%2Fwp%2Fv2%2Fmedia&parent=610"}],"curies":[{"name":"wp","href":"https:\/\/api.w.org\/{rel}","templated":true}]}}